0)?
2, 3, 6397
Let x = -33105 - -69757. List the prime factors of x.
2, 7, 11, 17
Suppose k - 4*t = 2*k - 1060, 5*k + t = 5205. Let r = 1851 - k. List the prime factors of r.
811
Suppose 52 = -10*t + 14*t. Suppose 11*a + 660 = t*a. List the prime factors of a.
2, 3, 5, 11
Let q(d) = -20*d**3 - 202*d**2 + 27*d + 22. List the prime factors of q(-14).
2, 3733
Suppose 4*z + 21 = 3*a, -3*a + 4*a - 3*z - 12 = 0. Suppose -3*h + 165 = 5*u, -4*u - 132 = a*h - 5*h. List the prime factors of h.
2, 3, 5
Suppose u = 3, -101*u + 105*u + 5736 = 3*h. List the prime factors of h.
2, 479
Suppose -u - 4*t - 134 = -0*t, -5*t + 385 = -3*u. Let f = -48 - u. What are the prime factors of f?
2, 41
Let c(i) = 4*i + 3. Let u be c(-5). Suppose -2*z - 4*r = -3*r + 65, 0 = -z - 2*r - 31. Let k = u - z. What are the prime factors of k?
2
Let y = -372 - -362. List the prime factors of ((495/y)/(-11))/((-1)/(-34)).
3, 17
Let g(p) = 68*p**3 + 4*p**2 - 5*p - 14. Let t be g(-2). Let q = t - -771. List the prime factors of q.
239
Suppose 3*g - 69 = -3. Let o = -22 + g. Suppose o = 5*r - 273 - 402. What are the prime factors of r?
3, 5
Let j = 2794 - -692. List the prime factors of j.
2, 3, 7, 83
Let q(l) = -l**3 + 16*l**2 - 3869 + 3914 + 2*l**3 + 4*l. What are the prime factors of q(-14)?
3, 127
Suppose 2*c = -6*c + 288. Let h = 42 - c. Suppose 0 = -h*a + 278 - 8. List the prime factors of a.
3, 5
Let x = 10528 + -5772. What are the prime factors of x?
2, 29, 41
Let y(h) = -h + 20. Let g(p) be the third derivative of p**6/120 + p**5/15 + 2*p**3/3 - 13*p**2. Let f be g(-3). What are the prime factors of y(f)?
7
Let d be (-1)/(-30)*10 - (-640)/6. Suppose d*a - 106*a = 291. What are the prime factors of a?
3, 97
Let t = -41315 + 69572. What are the prime factors of t?
3, 9419
Suppose 5*f - 112 = -3*y, -3*y - 53 = 4*f - 163. Suppose -3*b + 5*b = y. Let h = 43 - b. What are the prime factors of h?
2, 13
Suppose 0 = 3*r + 4*p - 30359, -4*r + 3*p = -28024 - 12463. What are the prime factors of r?
29, 349
Suppose 4*m - 104 = -2*t, -4*m - 3*t + 8*t = -132. Let c be ((-72)/10)/(3 - m/10). Let b = 61 + c. What are the prime factors of b?
5
Let b(p) = 95*p**2 - 59*p + 323. What are the prime factors of b(5)?
3, 89
Let k(o) = -2*o**2 + 88*o - 769. What are the prime factors of k(28)?
127
Let z(d) = -198*d + 142. What are the prime factors of z(-34)?
2, 7, 491
Let b = 346 - -449. Suppose -5*t + 7*n - 12*n = -1325, 2*n = -3*t + b. What are the prime factors of t?
5, 53
Let x = -1985 - -593. Let z = 2055 + x. List the prime factors of z/15 - (-2)/20*-2.
2, 11
Let d(h) be the third derivative of h**5/3 + h**4/4 - 5*h**3/6 + 20*h**2 + 3. What are the prime factors of d(1)?
3, 7
Let j(w) be the first derivative of w**3/3 - 17*w**2/2 - 112*w + 194. What are the prime factors of j(28)?
2, 7
Suppose -86*i + 219312 = -743034 - 53314. List the prime factors of i.
2, 5, 1181
Let d(a) be the second derivative of a**5/60 - 3*a**4/8 + 2*a**3 - 10*a. Let s(h) be the second derivative of d(h). What are the prime factors of s(8)?
7
Suppose 4*v = 6*t - 224675 + 71489, -5*t + 3*v = -127655. List the prime factors of t.
11, 211
Let k(j) = -24*j**2 - 7*j + 3. Suppose 3*o - 4*h = 6*o - 9, 0 = 5*h. Let u be k(o). Let v = 411 + u. What are the prime factors of v?
3, 59
List the prime factors of 88388/(-8)*48/(-24).
19, 1163
Let f(u) = -2*u**3 - u**2 - 5*u + 5. Let p be f(4). Let v = -109 - p. List the prime factors of v.
2, 5
List the prime factors of 427/244 - (0 + 82491/(-12)).
2, 3, 191
Let a = 51 - 37. Let n(o) = o**3 - 14*o**2 + o - 10. Let h be n(a). Suppose -r = -m + h*r + 59, 3*m + 3*r = 267. What are the prime factors of m?
2, 3, 7
Let z(r) = r**3 + r - 282. Let s be z(0). Let d = -142 - s. List the prime factors of d.
2, 5, 7
Let q be (-3 + 6)*(1 - 3 - -3). Suppose q*z = -4*u + 6*u + 6, 4*u = -z + 2. Suppose -5*o = 5*s - 3*s - 345, u = -5*s - o + 828. What are the prime factors of s?
3, 5, 11
Let h(p) = 157*p**2 + 39*p - 472. What are the prime factors of h(-19)?
2, 3, 2311
Suppose 18*p - 39000 = -86*p. Suppose -488 = 2*n + 2*q, 3*q + 634 = -2*n + 146. Let r = p + n. What are the prime factors of r?
131
Let y be 516/(-8)*(-6)/9. Suppose -5*v = -2*g + 23, -g - 4*g - 2*v = -y. Suppose -g*j + 815 + 49 = 0. What are the prime factors of j?
2, 3
Suppose -6*w + 624 = -0*w. Let y = 148 - w. What are the prime factors of 1*(y + -3 + 1)?
2, 3, 7
Suppose -9*g - 17592 = -15*g. Let y = g + -1867. List the prime factors of y.
3, 5, 71
Suppose 9 = z - 3*l, -5*z = -0*z - l + 11. Let r be (12/(-18))/(z/198). Let g = 4 + r. What are the prime factors of g?
2, 3
Suppose 4*g - 11554 = -2*h, 111*h = 5*g + 106*h - 14435. List the prime factors of g.
2, 19
Suppose -20*q - q = -2289. Let w = 229 + q. List the prime factors of w.
2, 13
Let r be (((-260)/3)/10)/(2/(-15)). List the prime factors of 16236/78 - 10/r.
2, 13
Let x = 35 - 30. Suppose 0 = -x*j + 4*i + 30, i + 1 = -j - 2. Suppose -j*u = -483 + 147. What are the prime factors of u?
2, 3, 7
Let d = 226 - 220. List the prime factors of d/(28/609*12/32).
2, 3, 29
List the prime factors of (-2569)/((-539)/(-55) + -11 + 1).
5, 7, 367
Suppose -4*j + u = -320, 4*j - 3*j - 67 = -3*u. Let x = 130 - j. Suppose x = -15*r + 426. List the prime factors of r.
5
Let r be (-7568)/(-22) + (-1)/(-1). Suppose -351*l + 5964 = -r*l. List the prime factors of l.
2, 7, 71
Let d = 47 + -50. Let y be (0 - (-1)/3)*d. What are the prime factors of ((-3)/1)/(y/17)?
3, 17
Let s(i) = -i - 2. Let g be s(4). Let v be (-45)/(-30)*(-8)/g. Suppose -3*u + 6 = 0, -u + 130 = v*y - 150. What are the prime factors of y?
139
Let y(b) = -499*b + 476. What are the prime factors of y(-45)?
23, 997
Suppose -20 - 10 = -6*d. Suppose -m - 3*m + d*v + 1521 = 0, -2*v - 1897 = -5*m. What are the prime factors of m?
379
Let f(o) = 3 - 21 - 25 - 42 - 37*o. List the prime factors of f(-5).
2, 5
Let a(l) = 6*l**2 + 5*l - 2. Suppose -40 = 4*o - 4*s, 3*o + 38 = 2*s + 3. Let u = o + 21. What are the prime factors of a(u)?
2, 61
Let q(u) = 3*u**2 - 67*u - 2030. List the prime factors of q(-39).
2, 31, 83
Let l(a) = 2084*a**2 + 233*a + 38. What are the prime factors of l(4)?
2, 3, 7, 19, 43
Let f(b) = -106*b + 144. Suppose 3*p = 2*v - 2*p - 15, -4*p - 5 = -3*v. What are the prime factors of f(v)?
2, 337
Let b(f) be the third derivative of -40*f**4/3 + 30*f**2. Let u be b(-1). Suppose 6*t - u = -2*t. What are the prime factors of t?
2, 5
Suppose -3*s - 432 = -7*s - 5*z, -4*s - 4*z + 436 = 0. Suppose -2*o + 14 = 2*u, 0 = -4*u + 2*o + 6 - 2. Suppose u*x - 88 = s. What are the prime factors of x?
67
Suppose 0 = -4*o - 4*b + 38936, 3*o - 5*o + 19466 = 4*b. What are the prime factors of o?
3, 5, 11, 59
Let m(u) = -3*u**2 - 336*u - 336. What are the prime factors of m(-104)?
2, 3, 5
Let u = 25 + 202. Suppose -2*t + 267 = -u. List the prime factors of t.
13, 19
Let i = -323 + 183. Let f = i - -255. What are the prime factors of f?
5, 23
Suppose 27847 = -24*g + 96367. List the prime factors of g.
5, 571
Suppose -4*q - 623355 = -105*q + 14*q. What are the prime factors of q?
5, 1433
Let x(j) = 4*j**2 + 346*j - 392. What are the prime factors of x(-103)?
2, 3203
Suppose -826*o + 813*o = -301132. List the prime factors of o.
2, 5791
Let v be (-3118)/(-3) + (-34)/(-51). What are the prime factors of 11544/v + 1/(-10)?
11
Let s = 1136 + -2468. List the prime factors of (s/8)/(12/(-16)).
2, 3, 37
Let t be 626/(-18) + -5 + 301/63. Let o = -75 - t. Let z = o - -119. What are the prime factors of z?
79
Suppose t - f = -461, 2*t - 4*f + 920 = -0*t. Let g = -192 - t. What are the prime factors of g?
2, 3, 5
Let w = -501 + 768. Let q = w - 149. What are the prime factors of q?
2, 59
Let i be ((-48)/(-8))/6*-1. What are the prime factors of (i*1781)/(5 + -6)?
13, 137
Suppose -37*y + 16887 + 105509 = 0. List the prime factors of y.
2, 827
Let f(a) = -105*a + 44. Let c be (-2)/(4 + 105/(-28)). List the prime factors of f(c).
2, 13, 17
Suppose -268566*r = -268538*r - 319760. What are the prime factors of r?
2, 5, 571
Let m(s) = -25*s**3 + 2*s**2 - 14*s + 26. Let i(u) = 12*u**3 - u**2 + 7*u - 14. Let q(x) = -7*i(x) - 4*m(x). List the prime factors of q(1).
2
Let d = 168 - 222. Let a be -1*(-123)/(-3) + 2. Let q = a - d. What are the prime factors of q?